 of s and 1.
1
Let z(q) = q**3 + 6*q**2 - 14*q - 10. Let f be z(-8). Let d be (-3272)/(-26) + (-4)/f. Calculate the highest common divisor of d and 14.
14
Suppose 19 + 189 = 13*d. What is the greatest common factor of 904 and d?
8
Let l = -4 - -7. Let r be 2/l - 16/(-3). Suppose -12*m = -54 + 30. Calculate the greatest common factor of r and m.
2
Let l(q) = -q**3 + q**2 + q + 53. Let h be l(0). Calculate the highest common divisor of h and 1696.
53
Suppose 4*v = k - 222, -v = 5*k - 1685 + 491. Calculate the greatest common divisor of k and 14.
14
Suppose -149*n + 6900 = -11*n. Suppose 0 = -2*v - 5*j - 3, 5*j = -3*v - 6 - 11. Let a = v - -24. Calculate the greatest common divisor of a and n.
10
Let s = 6 + -3. Let m be ((-33)/(-110))/3*10. Calculate the greatest common factor of m and s.
1
Let d be (-15)/((-22)/8 - -2). Let x(n) = -349*n - 3831. Let q be x(-11). Calculate the highest common factor of d and q.
4
Suppose 303 = 14*v + 107. What is the highest common factor of 21 and v?
7
Suppose 7*x - 119 + 98 = 0. What is the greatest common divisor of x and 375?
3
Suppose -9*t + 4*v + 1092 = -6*t, 2*v = -2*t + 728. Calculate the highest common divisor of 56 and t.
28
Let h(g) = -g**3 + 25*g**2 - 2*g + 5. Let o be h(10). Suppose o = -2*q + 13*q. What is the greatest common divisor of 54 and q?
27
Suppose 3*u - 26 = -2. Suppose -u*x + 17 + 183 = 0. What is the highest common divisor of 5 and x?
5
Let a be 3/(-6)*2 - 22. Let n = 41 + a. Let g be ((-24)/9)/(8/(-6)). What is the greatest common factor of g and n?
2
Suppose -j + 3 = 0, -2*j + 41 = 2*s - 85. Let q be 650/1625 - (2 - (-316)/(-10)). What is the highest common divisor of q and s?
30
Let l be (-16)/(-20) - (0 - 48/15). Let i = -9 - -21. Calculate the greatest common divisor of i and l.
4
Suppose -5*f = -3*b + 9, 5*b + 20 = -5*f - 5. Let v be (f + 17 - 2) + -4. What is the highest common divisor of 56 and v?
8
Let f be (4/6)/(16/360). Suppose 3*g + o - 3*o + 4 = 0, -5*g - o = -f. What is the highest common factor of g and 14?
2
Suppose 4*y - 6*y - 50 = 0. Let s = y - -39. Calculate the highest common divisor of s and 35.
7
Let p = -34 - -508. Suppose 15 = 5*v, -w + 2*w + 2*v - 14 = 0. Let k be (-18)/(-24) + p/w. Calculate the highest common factor of k and 15.
15
Let v(c) = 4*c**2 - 7*c - 9. Let g be v(-5). Let x be 0 + ((-6)/18)/((-3)/g). Calculate the highest common factor of x and 7.
7
Suppose -2*y = -60 - 46. Suppose 4*o = y + 59. What is the highest common factor of 4 and o?
4
Let o(r) = r - 4. Let i be o(10). Let w(f) = -f - 4*f**2 + 6*f + i*f**3 + 0*f - 6 - 7*f**3. Let d be w(-6). What is the highest common factor of 90 and d?
18
Let l be ((-36)/(-10))/(15/((-450)/(-12))). Suppose -48 - 114 = -l*c. Let v be ((-6)/4)/((-1)/6). Calculate the highest common divisor of v and c.
9
Let w = 3 - -8. Suppose h + 3*d - 88 = 0, 4*h - 423*d - 352 = -424*d. Calculate the highest common factor of w and h.
11
Let v be -16 + -7 + 5 + -1. Let b be 5 - (3 + 0 + v). Let l be (5 - -1)/((-2)/(-14)). What is the greatest common divisor of l and b?
21
Let t = -10 - -13. Suppose w + t*w = 0. Let p be 3 + w + (-74)/(-1). What is the highest common divisor of p and 7?
7
Let q(n) = n**3 + 25*n**2 + 46*n + 26. Let c be q(-23). Let v be (13/(-2))/(1/(-4)). Calculate the greatest common factor of c and v.
26
Let g be ((-2)/4*-2)/(7/70). Let h(y) = y**2 - 3*y + 2. Let o be h(-9). What is the greatest common divisor of g and o?
10
Let u = -10 - -13. Suppose -38 = u*q - 8. Let s be (-12)/(-6) - q*15. What is the greatest common divisor of 19 and s?
19
Suppose 0 = -4*b - 3 + 27. Let o = b - -138. Calculate the highest common factor of 9 and o.
9
Suppose 2*s - 66 = 2*l, 0*l = s - 4*l - 39. Let g(q) = -86*q + 1610. Let p be g(18). What is the greatest common divisor of p and s?
31
Let h = 27 + -20. Suppose h*u - 25 = 2*u. Let l(c) = c - 3. Let s be l(8). What is the greatest common divisor of u and s?
5
Let o(y) = 2*y + 14. Let i be o(-7). Let r(z) = 42 + i*z + z**2 - 8*z - 54. Let j be r(11). Calculate the highest common factor of j and 84.
21
Let j = 3018 + -3004. Let y(d) = 2*d**2 + 8*d. Let q be y(7). What is the highest common divisor of j and q?
14
Let w(j) = j**3 + 9*j**2 + 8*j + 20. Let f be w(-8). What is the greatest common factor of f and 540?
20
Suppose -66 = -b + 4*w, 51*b + 70 = 52*b - 5*w. Calculate the greatest common divisor of 2050 and b.
50
Let c(l) = -178*l**2 - 365*l + 2. Let v be c(-2). Let x be (-632)/(-7) - (-4)/(-14). What is the greatest common divisor of x and v?
10
Let g be 14/42 - (-2 - (-4)/3). Suppose -f = -g - 51. Calculate the highest common divisor of f and 13.
13
Let l = 47 + -36. Suppose -15*h + l*h = -324. Calculate the greatest common divisor of h and 9.
9
Suppose -2*s - 5*p + 127 = 0, -4*s - p + 294 = p. Suppose -s = -4*d + 4*x, 3*d + 17 = 4*d - 3*x. What is the highest common divisor of 160 and d?
20
Suppose 3*f + 2*h = -193, -7*f + 2*f - 321 = 4*h. Let s = 15 - f. Calculate the greatest common divisor of s and 20.
20
Let x be 9 + 43 + 0/2. Suppose -x - 20 = 3*u. Let h be (u/(-10))/((-2)/(-5)). What is the highest common divisor of h and 6?
6
Suppose -241 = -2*n - 55. Suppose 55*o - 55*o = -122*o + 3782. Calculate the greatest common factor of o and n.
31
Let h be 1/(-3) + 172/12. Let q = h + -6. Suppose 0 = -8*y + y + 14. What is the greatest common factor of y and q?
2
Let n = 359 - 358. Suppose 2*p + 0*p - 11 = g, 0 = -g + 4*p - 13. Let w = g - -10. Calculate the highest common divisor of n and w.
1
Let y = 1108 + -1107. Calculate the highest common divisor of 109 and y.
1
Let w(j) = -2*j**3 - 8*j**2 + j - 12. Let v be w(-6). What is the highest common factor of v and 28?
14
Suppose 205 = 2*s - 367. Calculate the highest common divisor of s and 26.
26
Let h(x) = 4*x + 32. Let y be h(-5). Suppose 2*j = 110 - y. What is the greatest common factor of j and 7?
7
Suppose 0 = -m - 2*p + 308, -4*p - 333 - 1193 = -5*m. What is the highest common factor of 34 and m?
34
Let u(i) = 4*i**3 + 2*i**2 + 6*i + 20. Let n be u(5). What is the highest common factor of 12 and n?
12
Let d be 1 + 0 + 28 + -3*2. Calculate the highest common factor of 46 and d.
23
Let x(h) = 20*h**2 - h - 6. Let o be x(-2). Let g be 262/14 - (-2)/7. Calculate the highest common divisor of g and o.
19
Let j(d) = -4*d + 41. Let a be j(8). What is the greatest common factor of 32 and a?
1
Let v(s) = s**3 - 6*s**2 - s + 25. Let n be v(0). What is the highest common factor of n and 15?
5
Let q be (372 + 9)*(-4)/(-3). Let i = q + -287. Let w = i - 158. What is the highest common factor of w and 7?
7
Let k be (-1246)/((-13)/169 - 25/13). What is the greatest common divisor of k and 89?
89
Let i be -4 + (-5 - -4) + 4. Let o be 5/(-10)*i - (-35)/2. What is the greatest common divisor of 126 and o?
18
Let h(f) = -f**2 + 10*f + 71. Let t be h(0). Calculate the greatest common divisor of t and 355.
71
Let g = -2 - -5. Let z = 125 - 29. Calculate the highest common divisor of z and g.
3
Let u be ((-9)/(-6))/((-3)/(-20)). Suppose 0 = 2*h - 61 - 199. What is the highest common divisor of h and u?
10
Let h be ((2 + -1)/(-1))/((-21)/3465). Calculate the greatest common divisor of h and 99.
33
Suppose -2*u + u = 5*w - 450, -4*u = -2*w + 202. Suppose 11 + 15 = 2*t. What is the highest common divisor of t and w?
13
Suppose -3*v - 34 + 235 = -4*q, -2*v + 2*q = -132. Calculate the greatest common factor of v and 21.
21
Let j(a) = -a**3 - 17*a**2 - 32*a. Let y be (-915)/60 + 1/4. Let x be j(y). Calculate the greatest common factor of x and 15.
15
Let t be -94*((-44)/8 + 5). Calculate the highest common factor of t and 188.
47
Suppose -2*a = 3*a - 4*b - 153, 0 = -3*a + 2*b + 93. What is the highest common divisor of a and 231?
33
Let w be 6 + -6 + 24*9. Suppose -y - w = -3*v, 3*y + 2*y = 5*v - 360. Suppose -i = -2*i + 8. Calculate the greatest common divisor of v and i.
8
Suppose 0 = i - m - 5, -i = 3*m - 13. What is the greatest common divisor of 1169 and i?
7
Let q be ((-8)/(-6))/((-12)/54). Let b be 122/10 + q/30. What is the greatest common divisor of b and 96?
12
Let z(s) = -2*s - 18. Let y be z(-11). Suppose 0 = -y*p + 27 + 13. Calculate the greatest common divisor of p and 25.
5
Let h be (26/3)/(26/273). What is the greatest com